{"id":97,"date":"2021-09-17T22:24:41","date_gmt":"2021-09-17T22:24:41","guid":{"rendered":"http:\/\/es.valeriapelka.com\/?page_id=97"},"modified":"2025-08-26T22:12:18","modified_gmt":"2025-08-26T22:12:18","slug":"bio","status":"publish","type":"page","link":"https:\/\/es.valeriapelka.com\/index.php\/bio\/","title":{"rendered":"Bio"},"content":{"rendered":"<p class=\"\" data-start=\"81\" data-end=\"456\">Valeria Pelka comienza su camino musical como guitarrista en el \u00e1mbito de la m\u00fasica popular, egresando de la Escuela de M\u00fasica Popular del Sindicato Argentino de M\u00fasicos (SADeM). En 2009, se adentra en el mundo de la composici\u00f3n y la producci\u00f3n, y lanza su primer \u00e1lbum <em data-start=\"350\" data-end=\"369\">El tiempo borrar\u00e1<\/em>, donde demuestra sus habilidades como compositora, cantante, guitarrista y arregladora.<\/p>\n<p class=\"\" data-start=\"458\" data-end=\"643\">Impulsada por su amor por la m\u00fasica orquestal, ingresa en la Universidad Nacional de las Artes (UNA) y se grad\u00faa de Licenciada en Composici\u00f3n y de Directora Orquestal.<\/p>\n<p class=\"\" data-start=\"645\" data-end=\"853\">Su objetivo es fusionar elementos de la m\u00fasica acad\u00e9mica con tradiciones populares de Argentina y del mundo, prop\u00f3sito que se refleja en los estrenos de sus obras en Estados Unidos, Espa\u00f1a, Rusia y Argentina.<\/p>\n<p class=\"\" data-start=\"855\" data-end=\"1128\">Con m\u00e1s de 35 a\u00f1os de trayectoria en diversos g\u00e9neros de la m\u00fasica popular, Valeria busca tender puentes entre la m\u00fasica popular y la acad\u00e9mica, componiendo obras inspiradas en ritmos sudamericanos que expanden los lenguajes musicales m\u00e1s all\u00e1 de los l\u00edmites tradicionales.<\/p>\n<p class=\"\" data-start=\"1130\" data-end=\"1370\">Estudi\u00f3 con destacados maestros como Fernando Albinarrate, Pablo Freiberg, Guillermo Pozzati, Guillermo Zalcman, Cecilia Pereyra, Gustavo Fontana, Rolando Budini, Diego Gardiner, Gian Piero Luque, Selva Ferrari y Ariel Pirotti, entre otros.<\/p>\n<p class=\"\" data-start=\"1372\" data-end=\"1560\">Fue jurado en el Concurso Internacional de Composici\u00f3n &#8220;New Music&#8221; en San Petersburgo, Rusia, y en el certamen GSYO Emerging Composers\u2019 Competition en Palo Alto, California.<\/p>\n<p class=\"\" data-start=\"1562\" data-end=\"1833\">Tambi\u00e9n est\u00e1 profundamente comprometida con la educaci\u00f3n musical. Lo que comenz\u00f3 hace m\u00e1s de 30 a\u00f1os como una vocaci\u00f3n docente se ha transformado en un activo estudio online, desde el cual imparte clases de composici\u00f3n, armon\u00eda y orquestaci\u00f3n a estudiantes de Am\u00e9rica y Europa.<\/p>\n<p class=\"\" data-start=\"1835\" data-end=\"1972\">Su obra orquestal <em data-start=\"1853\" data-end=\"1866\">D\u00e1rsena Sur<\/em> fue galardonada en el 1\u00b0 Concurso Provincial de Obras para Orquesta Sinf\u00f3nica \u201cMarta Lambertini\u201d en 2023.<\/p>\n<p class=\"\" data-start=\"1974\" data-end=\"2191\">Las composiciones de Valeria ofrecen a orquestas e instituciones acad\u00e9micas oportunidades para programaciones diversas, fomentando la exploraci\u00f3n de nuevas formas expresivas y celebrando la riqueza cultural del mundo.<\/p>\n<p data-start=\"1974\" data-end=\"2191\">                <div class=\"ml-embedded\" data-form=\"JTq8vC\"><\/div>\n            <\/p>\n","protected":false},"excerpt":{"rendered":"<p>Valeria Pelka comienza su camino musical como guitarrista en el \u00e1mbito de la m\u00fasica popular, egresando de la Escuela de M\u00fasica Popular del Sindicato Argentino [&#8230;]<\/p>\n","protected":false},"author":1,"featured_media":0,"parent":0,"menu_order":0,"comment_status":"closed","ping_status":"closed","template":"templates\/template-no-title.php","meta":{"om_disable_all_campaigns":false,"sfsi_plus_gutenberg_text_before_share":"","sfsi_plus_gutenberg_show_text_before_share":"","sfsi_plus_gutenberg_icon_type":"","sfsi_plus_gutenberg_icon_alignemt":"","sfsi_plus_gutenburg_max_per_row":"","_monsterinsights_skip_tracking":false,"_monsterinsights_sitenote_active":false,"_monsterinsights_sitenote_note":"","_monsterinsights_sitenote_category":0,"footnotes":""},"class_list":["post-97","page","type-page","status-publish","hentry"],"_links":{"self":[{"href":"https:\/\/es.valeriapelka.com\/index.php\/wp-json\/wp\/v2\/pages\/97"}],"collection":[{"href":"https:\/\/es.valeriapelka.com\/index.php\/wp-json\/wp\/v2\/pages"}],"about":[{"href":"https:\/\/es.valeriapelka.com\/index.php\/wp-json\/wp\/v2\/types\/page"}],"author":[{"embeddable":true,"href":"https:\/\/es.valeriapelka.com\/index.php\/wp-json\/wp\/v2\/users\/1"}],"replies":[{"embeddable":true,"href":"https:\/\/es.valeriapelka.com\/index.php\/wp-json\/wp\/v2\/comments?post=97"}],"version-history":[{"count":9,"href":"https:\/\/es.valeriapelka.com\/index.php\/wp-json\/wp\/v2\/pages\/97\/revisions"}],"predecessor-version":[{"id":546,"href":"https:\/\/es.valeriapelka.com\/index.php\/wp-json\/wp\/v2\/pages\/97\/revisions\/546"}],"wp:attachment":[{"href":"https:\/\/es.valeriapelka.com\/index.php\/wp-json\/wp\/v2\/media?parent=97"}],"curies":[{"name":"wp","href":"https:\/\/api.w.org\/{rel}","templated":true}]}}

<p class="" data-start="81" data-end="456">Valeria Pelka comienza su camino musical como guitarrista en el ámbito de la música popular, egresando de la Escuela de Música Popular del Sindicato Argentino de Músicos (SADeM). En 2009, se adentra en el mundo de la composición y la producción, y lanza su primer álbum <em data-start="350" data-end="369">El tiempo borrará</em>, donde demuestra sus habilidades como compositora, cantante, guitarrista y arregladora.</p>
<p class="" data-start="458" data-end="643">Impulsada por su amor por la música orquestal, ingresa en la Universidad Nacional de las Artes (UNA) y se gradúa de Licenciada en Composición y de Directora Orquestal.</p>
<p class="" data-start="645" data-end="853">Su objetivo es fusionar elementos de la música académica con tradiciones populares de Argentina y del mundo, propósito que se refleja en los estrenos de sus obras en Estados Unidos, España, Rusia y Argentina.</p>
<p class="" data-start="855" data-end="1128">Con más de 35 años de trayectoria en diversos géneros de la música popular, Valeria busca tender puentes entre la música popular y la académica, componiendo obras inspiradas en ritmos sudamericanos que expanden los lenguajes musicales más allá de los límites tradicionales.</p>
<p class="" data-start="1130" data-end="1370">Estudió con destacados maestros como Fernando Albinarrate, Pablo Freiberg, Guillermo Pozzati, Guillermo Zalcman, Cecilia Pereyra, Gustavo Fontana, Rolando Budini, Diego Gardiner, Gian Piero Luque, Selva Ferrari y Ariel Pirotti, entre otros.</p>
<p class="" data-start="1372" data-end="1560">Fue jurado en el Concurso Internacional de Composición &#8220;New Music&#8221; en San Petersburgo, Rusia, y en el certamen GSYO Emerging Composers’ Competition en Palo Alto, California.</p>
<p class="" data-start="1562" data-end="1833">También está profundamente comprometida con la educación musical. Lo que comenzó hace más de 30 años como una vocación docente se ha transformado en un activo estudio online, desde el cual imparte clases de composición, armonía y orquestación a estudiantes de América y Europa.</p>
<p class="" data-start="1835" data-end="1972">Su obra orquestal <em data-start="1853" data-end="1866">Dársena Sur</em> fue galardonada en el 1° Concurso Provincial de Obras para Orquesta Sinfónica “Marta Lambertini” en 2023.</p>
<p class="" data-start="1974" data-end="2191">Las composiciones de Valeria ofrecen a orquestas e instituciones académicas oportunidades para programaciones diversas, fomentando la exploración de nuevas formas expresivas y celebrando la riqueza cultural del mundo.</p>
<p data-start="1974" data-end="2191">                <div class="ml-embedded" data-form="JTq8vC"></div>
            </p>

<p>Valeria Pelka comienza su camino musical como guitarrista en el ámbito de la música popular, egresando de la Escuela de Música Popular del Sindicato Argentino [&#8230;]</p>
