{"id":6,"date":"2021-09-17T21:31:50","date_gmt":"2021-09-17T21:31:50","guid":{"rendered":"http:\/\/es.valeriapelka.com\/?page_id=6"},"modified":"2025-08-26T22:11:48","modified_gmt":"2025-08-26T22:11:48","slug":"inicio","status":"publish","type":"page","link":"https:\/\/es.valeriapelka.com\/","title":{"rendered":"Valeria Pelka"},"content":{"rendered":"<p><img loading=\"lazy\" decoding=\"async\" class=\"size-full wp-image-7 aligncenter\" src=\"http:\/\/es.valeriapelka.com\/wp-content\/uploads\/2021\/09\/acerca-de.png\" alt=\"\" width=\"665\" height=\"161\" srcset=\"https:\/\/es.valeriapelka.com\/wp-content\/uploads\/2021\/09\/acerca-de.png 665w, https:\/\/es.valeriapelka.com\/wp-content\/uploads\/2021\/09\/acerca-de-300x73.png 300w\" sizes=\"(max-width: 665px) 100vw, 665px\" \/><\/p>\r\n<h2 style=\"text-align: center;\"><b>\u00a1Bienvenidos a mi sitio web!<\/b><\/h2>\r\n<h3 style=\"text-align: center;\"><span style=\"font-weight: 400;\">Mi misi\u00f3n es difundir un mensaje de conexi\u00f3n, sanaci\u00f3n y unidad para toda la humanidad a trav\u00e9s de la m\u00fasica. Como compositora, creo que la m\u00fasica tiene el poder de trascender fronteras, inspirar empat\u00eda colectiva y evocar profundos paisajes emocionales.<\/span><\/h3>\r\n<p>&nbsp;<\/p>\r\n<p><!-- \/wp:image --><\/p>\r\n<p><!-- wp:media-text {\"mediaId\":71,\"mediaLink\":\"https:\/\/valeriapelka.com\/home\/perfil-about-meditativa-50\/\",\"mediaType\":\"image\"} --><\/p>\r\n<div class=\"wp-block-media-text alignwide is-stacked-on-mobile\">\r\n<div class=\"wp-block-media-text__content\">\u00a0<\/div>\r\n<\/div>\r\n<!-- wp:media-text {\"mediaId\":26,\"mediaLink\":\"http:\/\/es.valeriapelka.com\/index.php\/inicio\/perfil-about-meditativa-50\/\",\"mediaType\":\"image\"} -->\r\n<div class=\"wp-block-media-text alignwide is-stacked-on-mobile\">\r\n<figure class=\"wp-block-media-text__media\"><img loading=\"lazy\" decoding=\"async\" class=\"wp-image-26 \" src=\"http:\/\/es.valeriapelka.com\/wp-content\/uploads\/2021\/09\/PERFIL-ABOUT-MEDITATIVA-50-967x1024.jpg\" alt=\"\" width=\"970\" height=\"1027\" srcset=\"https:\/\/es.valeriapelka.com\/wp-content\/uploads\/2021\/09\/PERFIL-ABOUT-MEDITATIVA-50-967x1024.jpg 967w, https:\/\/es.valeriapelka.com\/wp-content\/uploads\/2021\/09\/PERFIL-ABOUT-MEDITATIVA-50-283x300.jpg 283w, https:\/\/es.valeriapelka.com\/wp-content\/uploads\/2021\/09\/PERFIL-ABOUT-MEDITATIVA-50-768x813.jpg 768w, https:\/\/es.valeriapelka.com\/wp-content\/uploads\/2021\/09\/PERFIL-ABOUT-MEDITATIVA-50-1450x1536.jpg 1450w, https:\/\/es.valeriapelka.com\/wp-content\/uploads\/2021\/09\/PERFIL-ABOUT-MEDITATIVA-50-1934x2048.jpg 1934w\" sizes=\"(max-width: 970px) 100vw, 970px\" \/><\/figure>\r\n<div class=\"wp-block-media-text__content\">\r\n<h5><span style=\"font-weight: 400;\">Mi trabajo se nutre de las ricas tradiciones del tango argentino y el folclore latinoamericano, fusion\u00e1ndolas con influencias contempor\u00e1neas para crear un sonido \u00fanico que resuena con audiencias diversas. La premisa es clara: evolucionar estos g\u00e9neros y sus lenguajes a trav\u00e9s de armon\u00edas, orquestaciones y estructuras raramente, o nunca, utilizadas antes. <\/span><\/h5>\r\n<h5><span style=\"font-weight: 400;\">Quiero ofrecer a las orquestas y sus audiencias la oportunidad de diversificar sus programas, explorar nuevas formas de expresi\u00f3n musical y reivindicar la riqueza de las culturas del mundo y sus legados art\u00edsticos. A trav\u00e9s de mis composiciones, busco construir puentes entre culturas y generaciones, fomentando un sentido compartido de humanidad.<\/span><\/h5>\r\n<\/div>\r\n<\/div>\r\n<p>&nbsp;<\/p>\r\n                <div class=\"ml-embedded\" data-form=\"JTq8vC\"><\/div>\n            \r\n<!-- \/wp:media-text -->","protected":false},"excerpt":{"rendered":"<p>\u00a1Bienvenidos a mi sitio web! Mi misi\u00f3n es difundir un mensaje de conexi\u00f3n, sanaci\u00f3n y unidad para toda la humanidad a trav\u00e9s de la m\u00fasica. [&#8230;]<\/p>\n","protected":false},"author":1,"featured_media":0,"parent":0,"menu_order":0,"comment_status":"closed","ping_status":"closed","template":"templates\/template-no-title.php","meta":{"om_disable_all_campaigns":false,"sfsi_plus_gutenberg_text_before_share":"","sfsi_plus_gutenberg_show_text_before_share":"","sfsi_plus_gutenberg_icon_type":"","sfsi_plus_gutenberg_icon_alignemt":"","sfsi_plus_gutenburg_max_per_row":"","_monsterinsights_skip_tracking":false,"_monsterinsights_sitenote_active":false,"_monsterinsights_sitenote_note":"","_monsterinsights_sitenote_category":0,"footnotes":""},"class_list":["post-6","page","type-page","status-publish","hentry"],"_links":{"self":[{"href":"https:\/\/es.valeriapelka.com\/index.php\/wp-json\/wp\/v2\/pages\/6"}],"collection":[{"href":"https:\/\/es.valeriapelka.com\/index.php\/wp-json\/wp\/v2\/pages"}],"about":[{"href":"https:\/\/es.valeriapelka.com\/index.php\/wp-json\/wp\/v2\/types\/page"}],"author":[{"embeddable":true,"href":"https:\/\/es.valeriapelka.com\/index.php\/wp-json\/wp\/v2\/users\/1"}],"replies":[{"embeddable":true,"href":"https:\/\/es.valeriapelka.com\/index.php\/wp-json\/wp\/v2\/comments?post=6"}],"version-history":[{"count":22,"href":"https:\/\/es.valeriapelka.com\/index.php\/wp-json\/wp\/v2\/pages\/6\/revisions"}],"predecessor-version":[{"id":545,"href":"https:\/\/es.valeriapelka.com\/index.php\/wp-json\/wp\/v2\/pages\/6\/revisions\/545"}],"wp:attachment":[{"href":"https:\/\/es.valeriapelka.com\/index.php\/wp-json\/wp\/v2\/media?parent=6"}],"curies":[{"name":"wp","href":"https:\/\/api.w.org\/{rel}","templated":true}]}}